i/(-3)?
8
Let x be (-29 - -28)/(2/(-3930)). Let g = -902 + x. What is the units digit of g?
3
Let w = 515 - 437. Let y = w + 149. What is the tens digit of y?
2
Let j(k) = -160*k + 2977. What is the units digit of j(0)?
7
Let b(n) = -n**2 - 2*n. Let q be b(-4). Let v(z) = z**3 + 10*z**2 - 18*z - 12. What is the hundreds digit of v(q)?
2
Let j(s) = 28*s - 5. Let r be j(-5). Let z = r + 164. What is the tens digit of z?
1
Let v(h) = h**3 - 6*h**2 + h + 7. Let a be v(6). Let z(y) = y - 10. Let j be z(a). What is the units digit of ((-136)/16)/(j/(-6))?
7
Suppose 24*a + 90039 = 287511. Suppose -4*i - 4*o - 1428 + a = 0, -6805 = -4*i - 5*o. What is the tens digit of i?
9
Suppose -4*s - 4*q = -88, 5*q = 4*s - 2*s - 79. Suppose -5*v = 12 - s. Suppose -6*a = -v*a - 30. What is the tens digit of a?
1
Suppose -57*w + 58*w - 615 = 0. Suppose 0 = -3*y + 5*p + w, -5*y - p = -2*p - 1003. What is the tens digit of y?
0
Let n be -2*25/(-10) + -2. Suppose 3*g - 94197 = -5*a, n*a - 51486 - 5005 = 5*g. What is the hundreds digit of (-2)/8 + (a/(-12))/(-7)?
2
Suppose 6617 = 18*i - 39841. What is the units digit of i?
1
Suppose 13*k = 14 + 25. Suppose 4*s - 12 = -q, 5*s = -2*q + k + 15. What is the units digit of (s/4)/((-8)/(-144))?
9
Suppose 0 = -21*u + 10*u + 4499. Suppose u = -14*h + 2089. What is the hundreds digit of h?
1
Let c = 6 - 6. Suppose 0*r - 6*r + 2640 = c. Suppose -499 - 57 = -5*q - h, 2*h - r = -4*q. What is the units digit of q?
2
Suppose 28*j - 2*q = 24*j + 254898, -j - 2*q = -63707. What is the tens digit of j?
2
Suppose -123*n = -122*n - 5*a - 6936, 4*n - 27828 = -a. What is the hundreds digit of n?
9
Suppose -1758191 - 1033398 = -77*j + 1967627. What is the units digit of j?
8
Let q = -181 + 179. What is the tens digit of 565/40*q*-24?
7
Suppose -85 = -3*c + 2*z, 3*z = -2*c - c + 60. Suppose 4158 = c*u - 16*u. What is the tens digit of u?
6
Suppose -354*g + 5*x + 28741 = -353*g, -143544 = -5*g + 2*x. What is the ten thousands digit of g?
2
Suppose -457*t + 453*t - b = -43212, 0 = 5*t - 2*b - 54028. What is the hundreds digit of t?
8
Let w = 38350 - 9115. What is the tens digit of w?
3
Suppose -5*l - 15 = 0, -d = -6*d - 4*l + 12678. Suppose 6*p = 33*p - d. What is the tens digit of p?
9
Let h = 28 - 23. Suppose h*w + 5 = 5. Suppose -4*f = 5*g - 361, 5*f - 485 = -w*g + 5*g. What is the tens digit of f?
9
Suppose -7*y + 130 = -101. What is the hundreds digit of (-6)/y*-1 + (-3529)/(-11)?
3
Let w = -39 - -9. Let k = 30 + w. Suppose k = -3*x - 6*x + 1143. What is the units digit of x?
7
Let b be (-15)/35 - 9/((-63)/500). Let d = b - -403. What is the tens digit of d?
7
Let l(r) = 30*r**2 - 21*r - 124. What is the hundreds digit of l(-3)?
2
Let l(p) = 7*p**2 + 96 + p + 2*p + 2*p - 15*p + 3*p. What is the tens digit of l(-10)?
6
Suppose 0 = -12*w + 7414 + 49178. What is the thousands digit of w?
4
Let b(g) = 106*g + 242. Let z(x) = 36*x + 81. Let k(r) = 5*b(r) - 14*z(r). What is the hundreds digit of k(5)?
2
What is the ten thousands digit of 9 - 7/((-49)/71113)?
1
Suppose -10*q = 12 + 28. Suppose 4*p - h + 3 = 2*p, 0 = -2*p - 2*h - 6. What is the units digit of 19*(44/8 + p/q)?
4
Let z be (-4)/16 + (-67)/4*1. Let g = -264 + z. Let u = g + 417. What is the hundreds digit of u?
1
Let l(w) = -w**2 - 16*w - 12. Let m be l(-15). Suppose m*v - 1139 = 490. What is the tens digit of v?
4
Let d(o) = 8*o - 10. Let x be d(6). Let u = x - 26. Let p(y) = y**2 - 10*y + 2. What is the tens digit of p(u)?
2
Let s = 24817 - 12983. What is the ten thousands digit of s?
1
Let v(u) = -5*u + 13. Let d be v(-5). Let a = -36 + d. Suppose 0 = 5*t - 3*g - 982, -a*t - 983 = -7*t + 2*g. What is the units digit of t?
7
Suppose 0 = 2*t + 4*c - 64, 3*t + c = -4*c + 92. Suppose 25*q = t*q + 679. What is the tens digit of q?
7
Let q(z) = 237*z + 28. Suppose 16*i - 14*i = 4. What is the hundreds digit of q(i)?
5
Let u(w) = -20*w**3 - 31*w**2 - 9*w - 6. Let z be u(-6). Suppose 156*q - 168*q = -z. What is the tens digit of q?
7
Suppose -3*h + 3*k + 5 = -4, 4*k + 4 = 0. Suppose q = 3*u + 5, 5*u + 75 = 3*q + h*q. What is the units digit of 2/q*2 + 928/10?
3
Let t = -15109 - -27934. What is the units digit of t?
5
Let i(s) = -s**3 - 14*s**2 - 17*s + 2. Let b(g) = g**3 - 8*g**2 - 8*g - 20. Let v be b(9). Let t be i(v). What is the tens digit of (-4)/8 + t/(-4)?
4
What is the thousands digit of (-1788)/(-14)*((-21)/12)/(4/(-96))?
5
Suppose -16437 = -4*f - 16*c + 95243, f - 27884 = 2*c. What is the units digit of f?
6
Let n = -12 - -14. Let o be (2/5)/(4/20). Suppose -o*p = -n*c - 74, p - 5*c = 30 + 11. What is the tens digit of p?
3
Suppose -3*f + 22 = -5*h, 0*f - 8 = -3*f - 2*h. Let q be (-12)/f - 0 - -231. Suppose 4*l - 208 - q = 0. What is the hundreds digit of l?
1
Let v be 8/(-4)*21147/(-42). Suppose 0 = -5*i - d + 1259, d + v = 4*i + 2*d. What is the hundreds digit of i?
2
Let k(q) be the first derivative of -q**3/3 + 6*q**2 - 22*q + 5. Let r be k(9). What is the tens digit of r/(15/(-12)) - -15?
1
Let b = 32 - 26. Suppose 0 = -b*t + 18 + 30. Suppose 0 = -t*i + 220 + 292. What is the units digit of i?
4
Suppose 15*i - 13*i = -f + 716, 0 = -5*f + 3*i + 3515. What is the hundreds digit of f?
7
Let c be (-1)/(-1) + (-3 - -9). Suppose -12 = c*o - 3*o, 3*r - 975 = 4*o. What is the hundreds digit of r?
3
Suppose 3*u + 5*y = 30409, 36*y + 40578 = 4*u + 38*y. What is the ten thousands digit of u?
1
Suppose -3*d + 15 + 45 = 0. Suppose 0 = 5*j - 0 - d. Suppose 2*l - 124 = -j. What is the tens digit of l?
6
Let f = 235 + -235. Suppose f = -4*y + 3*v + 954, -3*v + 244 = y - v. What is the units digit of y?
0
Suppose -4*c + 14*c = 3340. Suppose 5*n + c = -471. Let l = -72 - n. What is the units digit of l?
9
Let q be ((-8)/(-12))/(13/(-15) - -1). Suppose 0 = 4*w - q*w - 8. What is the units digit of (28/w + 4)*42?
1
Suppose -56 = 17*y + 63. Let u = y + 20. What is the units digit of u?
3
Suppose 0 = -0*k - 0*k - 6*k. Let z be k - -2 - (-4)/(-8)*-2. What is the units digit of 34/(z - 2 - 0)?
4
What is the thousands digit of 1422*(-4 - 74/(-6) - 4)?
6
Suppose -74*b + 70*b + 4*t = -282300, 0 = 5*t + 40. What is the units digit of b?
7
Let b(g) = 3*g**2 - 152*g + 782. What is the thousands digit of b(62)?
2
Let y = -55933 + 109355. What is the thousands digit of y?
3
Let f(c) = -4*c**3 + 91*c**2 + 6*c - 160. What is the units digit of f(17)?
9
Let r = -65057 + 110410. What is the thousands digit of r?
5
Suppose -164681 = -3*n + 5*g, n - 65*g - 54893 = -64*g. What is the thousands digit of n?
4
Let t be (-1 - (-9)/(-2))*-128. Suppose 2*s + c = -2*c + 458, 0 = 3*s - 4*c - t. What is the units digit of s?
2
Suppose 0 = o + 47 - 54, -4*o + 62035 = 3*p. What is the tens digit of p?
6
Let n(s) = 201*s - 18. Let d(i) = -101*i + 8. Let a(w) = -7*d(w) - 4*n(w). What is the hundreds digit of a(-3)?
3
What is the units digit of (-2935460)/(-154) + 3/(-7)?
1
Let s = -4110 - -12676. What is the tens digit of s?
6
Suppose 5*a - 12558 = -3*y, 9*y + 4*a = 12*y - 12531. What is the units digit of y?
1
Let v = 671 - 686. Let u(t) = 3*t**2 - 14*t - 67. What is the hundreds digit of u(v)?
8
Let u = 4529 - -4152. What is the thousands digit of u?
8
What is the units digit of (-2338020)/(-360) + (-1)/(-2)?
5
Let q(j) = -1. Let f(p) = 136*p - 13. Let l(r) = 6*r + 39. Let s be l(-7). Let m(n) = s*q(n) + f(n). What is the units digit of m(2)?
2
Let d(x) be the second derivative of x**5/20 - x**4/6 - x**3/6 + 40*x**2 + 3*x. Let h be d(0). What is the units digit of ((-126)/(-15))/(12/h)?
6
Suppose -5*w - 33 + 3 = 0. Let r be ((-110)/(-15) - 4)/((-2)/w). What is the units digit of r/(-35) + ((-611)/(-7) - 0)?
7
Let u(w) = -w**3 - 3*w**2 - 8*w + 9. Let x be u(-7). Let y(m) = 261*m + m**2 + 2 + 10 - x*m. What is the units digit of y(0)?
2
Let r = 64930 - 17010. What is the hundreds digit of r?
9
Let c(g) = 2*g**2 + 3 + 3*g + 42 - 6. What is the units digit of c(-11)?
8
Let h = 901 - 987. Let f(w) = w**3 + 3*w**2 - 6*w + 6. Let a be f(-5). Let l = a - h. What is the tens digit of l?
7
Suppose 23814882 = 72*b + 474*b. What is the ten thousands digit of b?
4
Let w = -1 + -38. Let u be (-520)/w*(-3)/(-2). What is the hundreds digit of (6/u - 7/(-35))*244?
1
Let r = -13928 + 70562. What is the ten thousands digit of r?
5
Suppo